
Is 23 a factor of 22103?
True
Is 132 a factor of 2376?
True
Is 2331 a multiple of 63?
True
Is 56 a factor of 1116?
False
Does 20 divide 21620?
True
Is 168 a multiple of 14?
True
Does 92 divide 1288?
True
Is 14560 a multiple of 14?
True
Is 60 a factor of 295?
False
Is 1989 a multiple of 51?
True
Is 163 a factor of 163?
True
Does 8 divide 3111?
False
Is 98857 a multiple of 10?
False
Is 8 a factor of 584?
True
Does 90 divide 810?
True
Is 224 a multiple of 13?
False
Is 110 a multiple of 11?
True
Does 4 divide 1608?
True
Is 24 a factor of 7320?
True
Is 11 a factor of 1168?
False
Is 95 a factor of 4622?
False
Is 287 a multiple of 7?
True
Is 13 a factor of 416?
True
Does 95 divide 40280?
True
Is 52272 a multiple of 123?
False
Is 28 a factor of 20384?
True
Does 4 divide 1880?
True
Does 17 divide 119?
True
Does 22 divide 3121?
False
Is 20590 a multiple of 58?
True
Is 27 a factor of 13203?
True
Is 24299 a multiple of 11?
True
Is 4368 a multiple of 104?
True
Is 6 a factor of 55506?
True
Is 15048 a multiple of 19?
True
Is 1504 a multiple of 116?
False
Is 13482 a multiple of 63?
True
Is 8278 even?
True
Is 342 a multiple of 18?
True
Does 15 divide 60?
True
Is 4 a factor of 321?
False
Does 29 divide 298?
False
Is 17020 a multiple of 46?
True
Is 2301 a multiple of 10?
False
Is 11 a factor of 29432?
False
Is 29 a factor of 1769?
True
Is 37290 a multiple of 22?
True
Is 16 a factor of 1696?
True
Does 12 divide 1560?
True
Is 113 a multiple of 11?
False
Is 116 a factor of 19836?
True
Does 14 divide 33362?
True
Does 13 divide 650?
True
Does 25 divide 1902?
False
Is 10 a factor of 5200?
True
Is 127 a multiple of 4?
False
Is 490 a multiple of 14?
True
Is 13 a factor of 351?
True
Is 75 a multiple of 3?
True
Is 24 a factor of 1224?
True
Does 12 divide 6062?
False
Does 49 divide 294?
True
Is 22304 a multiple of 16?
True
Does 5 divide 262?
False
Is 1627 a multiple of 20?
False
Does 23 divide 5150?
False
Does 5 divide 58?
False
Is 16767 a multiple of 81?
True
Is 25 a factor of 18205?
False
Does 116 divide 30624?
True
Is 2856 a multiple of 21?
True
Is 103 a factor of 11433?
True
Is 32 a factor of 61248?
True
Is 10 a factor of 40487?
False
Is 11 a factor of 623?
False
Is 16 a factor of 12160?
True
Is 39658 a multiple of 6?
False
Is 27 a factor of 2241?
True
Does 10 divide 1974?
False
Is 3 a factor of 1258?
False
Is 4 a factor of 159?
False
Is 19 a factor of 9215?
True
Is 16 a factor of 240?
True
Is 49 a factor of 2254?
True
Is 22340 a multiple of 20?
True
Is 5 a factor of 200?
True
Is 32686 a multiple of 203?
False
Is 46 a factor of 17531?
False
Is 277 a multiple of 6?
False
Is 952 a multiple of 34?
True
Is 579 a multiple of 49?
False
Does 13 divide 1536?
False
Does 21 divide 42945?
True
Does 31 divide 13213?
False
Is 3630 a multiple of 51?
False
Is 176 a factor of 15136?
True
Does 15 divide 759?
False
Is 11 a factor of 1932?
False
Is 23 a factor of 1932?
True
Is 152 a multiple of 19?
True
Is 28 a factor of 1119?
False
Does 239 divide 34214?
False
Is 15 a factor of 626?
False
Does 10 divide 20040?
True
Is 12 a factor of 18263?
False
Does 66 divide 12155?
False
Is 5 a factor of 10375?
True
Does 4 divide 72?
True
Is 469 a multiple of 13?
False
Does 10 divide 610?
True
Does 39 divide 424?
False
Does 53 divide 4081?
True
Is 1326 a multiple of 51?
True
Is 44 a factor of 4271?
False
Is 3174 a multiple of 6?
True
Is 257 a factor of 35030?
False
Does 195 divide 25155?
True
Does 25 divide 750?
True
Is 56 a factor of 6104?
True
Is 281 a multiple of 40?
False
Is 7992 a multiple of 148?
True
Is 32 a factor of 339?
False
Is 2711 a multiple of 44?
False
Is 790 a multiple of 10?
True
Is 5 a factor of 635?
True
Is 11 a factor of 688?
False
Is 71 a factor of 284?
True
Is 185 a multiple of 8?
False
Does 36 divide 9024?
False
Is 71 a factor of 2343?
True
Is 87 a factor of 9918?
True
Does 19 divide 1634?
True
Is 2912 a multiple of 16?
True
Does 55 divide 110?
True
Is 78 a factor of 1560?
True
Is 39 a factor of 858?
True
Does 11 divide 3206?
False
Is 28 a factor of 9081?
False
Does 52 divide 446?
False
Is 79 a factor of 19685?
False
Is 13269 a multiple of 327?
False
Is 12 a factor of 960?
True
Is 42 a factor of 2004?
False
Is 18 a factor of 504?
True
Is 117 a factor of 3627?
True
Is 6760 a multiple of 104?
True
Is 3713 a multiple of 15?
False
Is 99 a factor of 594?
True
Is 14 a factor of 24738?
True
Does 28 divide 7588?
True
Is 25 a multiple of 3?
False
Is 2229 even?
False
Is 272 a multiple of 17?
True
Does 5 divide 12127?
False
Is 6236 a multiple of 180?
False
Is 47190 a multiple of 130?
True
Is 11 a factor of 414?
False
Does 12 divide 612?
True
Is 9 a factor of 10296?
True
Is 18 a factor of 252?
True
Does 166 divide 1494?
True
Does 4 divide 649?
False
Is 8119 a multiple of 23?
True
Is 35992 a multiple of 44?
True
Is 14 a factor of 304?
False
Does 4 divide 1740?
True
Is 63 a factor of 42273?
True
Does 5 divide 24?
False
Is 33 a factor of 363?
True
Is 28830 a multiple of 10?
True
Is 13490 a multiple of 355?
True
Does 38 divide 532?
True
Is 101 a factor of 8211?
False
Is 10 a factor of 1223?
False
Does 34 divide 2145?
False
Is 6 a factor of 732?
True
Is 7 a factor of 18991?
True
Is 41 a factor of 2792?
False
Is 84 a factor of 3528?
True
Is 1777 a multiple of 117?
False
Does 93 divide 69285?
True
Does 19 divide 74919?
False
Does 179 divide 58452?
False
Is 60 a multiple of 2?
True
Does 14 divide 125?
False
Does 12 divide 204?
True
Is 99 a factor of 7623?
True
Is 14251 a multiple of 69?
False
Is 4 a multiple of 2?
True
Does 16 divide 1264?
True
Is 31 a factor of 3691?
False
Is 11496 a multiple of 66?
False
Does 5 divide 2024?
False
Does 17 divide 119?
True
Does 12 divide 3360?
True
Is 4984 a multiple of 14?
True
Does 28 divide 28616?
True
Does 19 divide 3604?
False
Does 8 divide 396?
False
Is 76 a factor of 19912?
True
Does 22 divide 12624?
False
Does 5 divide 125?
True
Is 39 a factor of 692?
False
Does 102 divide 1282?
False
Is 17487 a multiple of 14?
False
Is 1100 a multiple of 11?
True
Does 65 divide 6500?
True
Is 6 a factor of 1247?
False
Is 2 a factor of 377?
False
Is 70 a factor of 3581?
False
Is 10 a factor of 3994?
False
Does 147 divide 43218?
True
Is 444 a multiple of 11?
False
Is 106 a factor of 19716?
True
Is 9 a factor of 20036?
False
Is 7924 a multiple of 31?
False
Does 13 divide 1197?
False
Is 137 a factor of 15344?
True
Does 136 divide 21618?
False
Is 4 a factor of 448?
True
Does 18 divide 324?
True
Does 4 divide 398?
False
Does 12 divide 288?
True
Is 66 a factor of 204?
False
Is 9 a factor of 617?
False
Is 10 a factor of 45160?
True
Is 1426 a multiple of 62?
True
Is 20807 a multiple of 123?
False
Is 2162 a multiple of 47?
True
Is 25816 a multiple of 26?
False
Is 765 a multiple of 17?
True
Is 103 a factor of 1236?
True
Is 1539 a multiple of 3?
True
Does 23 divide 2369?
True
Does 35 divide 16835?
True
Is 71 a factor of 81041?
False
Is 520 a multiple of 5?
True
Is 1123 a multiple of 20?
False
Is 2394 a multiple of 57?
True
Is 98 a factor of 2352?
True
Is 2900 even?
True
Does 17 divide 4454?
True
Does 19 divide 1716?
False
Is 2041 a multiple of 28?
False
Does 7 divide 29792?
True
Is 72 a multiple of 17?
False
Does 11 divide 561?
True
Does 2 divide 298?
True
Is 10661 a multiple of 90?
False
Does 251 divide 20833?
True
Does 17 divide 27948?
True
Does 5 divide 700?
True
Is 20 a factor of 15740?
True
Does 38 divide 5472?
True
Is 9 a factor of 31815?
True
Is 50 a factor of 4059?
False
Does 22 divide 1672?
True
Is 5490 a multiple of 61?
True
Is 39 a factor of 386?
False
Is 289 a multiple of 5?
False
Is 24948 a multiple of 62?
False
Does 9 divide 684?
True
Is 11 a factor of 2645?
False
Is 22 a factor of 4092?
True
Is 39 a factor of 12030?
False
Is 29 a factor of 327?
False
Is 13 a factor of 169?
True
Is 31772 a multiple of 13?
True
Does 68 divide 68?
True
Does 35 divide 1750?
True
Is 30 a factor of 420?
True
Is 959 a multiple of 7?
True
Is 17980 a multiple of 155?
True
Is 15 a factor of 540?
True
Does 156 divide 4368?
True
Is 17 a factor of 5848?
True
Is 4631 a multiple of 20?
False
Is 104 a factor of 20302?
False
Is 7639 a multiple of 36?
False
Is 50 a factor of 450?
True
Does 43 divide 1591?
True
Does 90 divide 5626?
False
Does 54 divide 26622?
True
Is 1911 a multiple of 33?
False
Is 2